+ 337. Is h(-22) a composite number?
False
Let m(l) = -44*l**2 + l + 5. Let x be m(-6). Suppose -j - 1137 = 1215. Let u = x - j. Is u a composite number?
True
Let s(a) be the second derivative of -a**3/6 + 3*a**2 + 7*a. Let g be s(6). Suppose 2*b - 390 + 8 = g. Is b prime?
True
Suppose -3*t + 18 = 9. Suppose -4*h + k - 6*k + 291 = 0, t*h - 2*k - 247 = 0. Is h a prime number?
True
Let r(v) = -v**2 + 11*v + 13. Let d be r(9). Suppose -2*w = d - 177. Suppose -3*p - 2*q = -w, 5*p - 3*q = 2*q + 80. Is p a prime number?
False
Let h be 1 + 3 - (-1 + 905). Let d = -359 - h. Is d a composite number?
False
Suppose 6*t - 7*t + 7675 = 3*h, 4*h = -5*t + 38353. Is t a composite number?
False
Suppose 0 = 2*q - 4*t - 3 + 11, -4*q - t + 11 = 0. Suppose 371 = q*r - 411. Is r composite?
True
Suppose -p + 81 = -137. Suppose 0 = y + 5*j - p, 0 = -3*y + y + 3*j + 449. Is y composite?
False
Suppose 3*d = 6, 160 - 52 = -4*j + 4*d. Let o = j - -40. Suppose 2*f - o - 192 = 3*k, 2*k + 101 = f. Is f prime?
False
Let p be (2/4)/(2/8). Let b be (10 - 11)*-2*p. Suppose -x = 0, -632 = -b*m + 6*x - x. Is m composite?
True
Let z be (-2)/4 + (-45)/(-18). Suppose j - z = -4, -2*j - 522 = -2*s. Is s composite?
True
Let n(w) = w**2 + 6*w + 6. Let h be n(-4). Let d = h + 4. Suppose -3*l - 3*f = -107 - 67, d*l - 117 = -f. Is l a prime number?
True
Let a(h) = -50 - 14 - 152*h - 134*h - 185*h. Is a(-5) prime?
False
Suppose 0 = 1310*n - 1308*n - 127274. Is n a composite number?
True
Suppose 10*y + 622524 = 94*y. Is y a prime number?
True
Let t be (-565 - 1)*(-1)/2. Suppose -t = -3*x + 98. Is x composite?
False
Let t be 2884 - ((-16)/4 + -1). Let m = 1694 + t. Is m composite?
False
Suppose 1582 = 4*a - 7682. Let b = a + -1453. Is b a composite number?
False
Suppose 5*w - 8710 = -5*t, 5*t - 19*w + 14*w - 8700 = 0. Is t a composite number?
False
Suppose -2*g + 5*m - 31506 = -3*g, 4*g - 2*m - 125914 = 0. Is g a prime number?
True
Let n(k) = 4*k + 3. Let m be n(3). Let z be (16/(-2))/(m + -17). Is z + -3 + 4*46 a prime number?
False
Let b = 40310 + -15163. Is b prime?
True
Let i = 88 + -86. Suppose -2*t = -3*d - 974, 3*t - i*d - 1447 = -d. Is t prime?
False
Let s = -58 - -61. Suppose -s*i + 15 = 0, 0*l = 4*l + 3*i - 2683. Is l composite?
True
Let d(l) = l**2 + 4*l. Let i be d(-4). Suppose -u - 3 = -1, i = -m - 3*u + 1. Is m prime?
True
Let s = 74 - -31. Let b = s + -158. Let v = b + 210. Is v prime?
True
Suppose -2*g + 7150 = -4*t - 8736, 0 = -g - 5*t + 7922. Is g prime?
True
Let l(z) = 504*z - 127. Is l(9) a prime number?
True
Let g(t) = 2*t**3 - 7*t**2 + 8*t - 14. Let n(h) = -h**3 + 7*h**2 - 6*h - 9. Let u be n(5). Is g(u) a prime number?
True
Suppose -27 = 2*k - 5*t, -4*t = 2*k + 2*k + 96. Let v = -7 - k. Is 4/v + (-1359)/(-21) prime?
False
Let r(l) = 14*l**2 - 9*l - 65. Is r(-6) prime?
False
Suppose -20*f = -5*f - 15135. Is f a prime number?
True
Let s = 2255 + -1292. Suppose 5*i - s = -2*w, 0*i = -i + 5*w + 171. Is i prime?
True
Let f = 22 - 24. Let q = f - -2. Suppose q = -3*n + 47 + 46. Is n a prime number?
True
Let l(p) = 11*p**2 - p - 4. Suppose -6 = 2*k - 10. Is l(k) a prime number?
False
Let d be 2/3 - (-1)/3. Suppose -3*n = 2*w - 0*n + 523, 1280 = -5*w - 2*n. Is (w/(-6))/(d/3) composite?
False
Suppose 0 = -11*j + 10*j + 45. Let s(m) = -m**3 + 2*m**2 - m - 2. Let o be s(3). Let k = j + o. Is k a prime number?
True
Let c be 3*(1 - (-398)/6). Let y(m) = -47*m - 21. Let a be y(-3). Let i = c - a. Is i a prime number?
False
Suppose 50837 = 187*h - 158*h. Is h composite?
False
Let s = 5308 - 1509. Is s composite?
True
Let z(w) be the second derivative of 118*w**3/3 - w**2/2 - 5*w. Let r be z(2). Suppose -d + r = 164. Is d prime?
True
Suppose 3*y - 4*a - 59 = 0, 2*a + 23 = -4*y + 87. Suppose 22*q = y*q + 405. Is q + 1 + (-3 - -4) composite?
False
Let n(a) = 36*a + 159. Is n(0) composite?
True
Suppose -5*o + 8*v + 570 = 3*v, 0 = 2*o + 4*v - 216. Suppose 539 = 3*t - o. Is t prime?
False
Suppose -48593 = -2*n - 3*h + 71783, 0 = n + 3*h - 60191. Is n a prime number?
False
Let s(u) = -u - 3. Let z be s(-5). Suppose 2 = -z*g + 5*g - 4*k, 8 = 3*g + 2*k. Is 27*g - 12/(-12) prime?
False
Let v = 87 + 1322. Suppose 3*k - 3*t = 1053, -t = 4*k - 0*t - v. Suppose s - 21 = k. Is s composite?
False
Let t be 0 - -6*2/8*-2. Is (-5)/(45/2253)*(0 + t) a prime number?
True
Suppose 11*h = 13*h - 8. Suppose -4*c + 3545 = -a, -h*a = -c + a + 872. Is c composite?
False
Let k(c) = c**3 + 8*c**2 - 9*c - 1. Let v be k(9). Suppose -6*t + v = -t. Is t prime?
False
Let y(g) = 64*g**2 - 66*g + 43. Is y(-17) a composite number?
False
Let u = -16 + 28. Let p = u - 9. Suppose p*r - 237 = -0*r. Is r prime?
True
Let s be (3 - 4)/((-1)/5*1). Suppose 3*z + 4*r = -0*r + 9589, 2*z - 6431 = s*r. Is z a composite number?
False
Let o(r) be the third derivative of r**6/24 - r**5/20 + 5*r**4/24 + 2*r**3/3 + 15*r**2. Is o(3) a composite number?
False
Suppose 3*o + 5*q = -25, 3*o - 4*q - 20 = -0*o. Suppose 5*y - 15 = o, 3*y = v + 45 + 61. Let h = v + 423. Is h composite?
True
Suppose 0 = 10*a + 18419 - 52189. Is a prime?
False
Suppose -7906 = -3*i - 1609. Is i a composite number?
False
Let y(a) = -5*a + 13 + 0*a**2 + 5*a**2 + a**2. Is y(10) a prime number?
True
Let x(h) = h - 5. Let v be x(6). Suppose 0 = -2*t - 5*n + v, 3*t = 4*t + 3*n. Suppose 2*d - 5*s = 159, -t*s = -5*d + 273 + 115. Is d composite?
True
Let p(u) = -u - 6. Let q be p(-2). Let h(a) = -54*a - 7. Let b be h(q). Let v = 458 - b. Is v prime?
False
Suppose -3*l = 4*l - 11585. Is l a prime number?
False
Let w = 23 - 19. Suppose w*v = 2*v. Suppose v*o + 3*o = -d + 223, 4*d = 4*o + 892. Is d composite?
False
Let g(y) = -2*y - 4. Let z(c) = c**3 - 5*c**2 - 4. Let w be z(5). Let o be g(w). Let m(q) = 45*q - 3. Is m(o) prime?
False
Let k(v) = 72*v**2 + 5. Let g(r) = r - 3. Let z be g(6). Is k(z) a composite number?
False
Suppose -3*n = -t - 8442, 0 = 24*n - 21*n + 2*t - 8433. Is n a composite number?
True
Suppose 4*j + 0*j + 136 = 0. Let q be j/(-5) - (-3)/15. Suppose q*t - 32 - 549 = 0. Is t a prime number?
True
Suppose 0 = -6*r - 4*r + 189850. Is r prime?
False
Let u be 1/(-4) - (-15562)/8. Suppose u - 5325 = -5*d. Is d + (0 + 4 - 1) a prime number?
False
Let o = 2 - 0. Suppose j + 713 = o*n, -n - 2*j = 3*j - 329. Suppose 3*s + n = 4*t, t - 2*s - 178 = -t. Is t prime?
False
Let o = -3973 - -7954. Is o a prime number?
False
Let g be ((-8)/12)/((-2)/(-12)). Let r(u) = u**3 + 16*u**2 + 2*u - 5. Let z(j) = j**3 + 15*j**2 + 2*j - 4. Let m(t) = -5*r(t) + 6*z(t). Is m(g) composite?
False
Let s(i) = -i**2 - 3*i + 5. Let h be s(6). Let j = h + 461. Suppose 0 = 6*f - 4*f - j. Is f a composite number?
True
Let p = -100 - -4506. Is p a prime number?
False
Suppose 0*t + 4*t - 1212 = 0. Suppose -2*k - 5*q + 513 = -88, -3*q + t = k. Suppose -k = -4*f - 2*h, 4*f + 4*h - 176 - 104 = 0. Is f a composite number?
True
Let x = 7500 - 23468. Let l = -10641 - x. Is l composite?
True
Let i(k) = k**3 - k**2 - 2*k + 1. Let b be i(3). Let w(q) = 440 - 221 - 213 + 7*q. Is w(b) a prime number?
True
Is (-9)/(27/(-30181)) + (-4)/(-6) prime?
True
Is (62 - 56) + (0 - -22589) a prime number?
False
Suppose 2*r = -t + 32, -r = t + 4*t - 16. Let q be 9/(-6)*r/(-6). Suppose -339 = -3*z + 7*h - 5*h, q*h + 123 = z. Is z composite?
True
Let p be (1/2)/((-8)/16). Let b(u) = -4*u**3 + u**2 + u + 1. Let a be b(p). Suppose -8*x + 159 = -a*x. Is x a prime number?
True
Let x = -353 - -204. Let b = 119 - x. Suppose n - b = -2*p - p, -3*n = p - 76. Is p a composite number?
True
Suppose -12*v + 16*v = -4. Is 114 - (-3 - 4/2*v) composite?
True
Let j(x) = 11 + 11 + 6*x + 7*x - 12. Is j(9) a prime number?
True
Let k(l) = -5*l + 26. Let v be k(6). Let g(j) = -5*j**3 - j**2 + 3*j - 5. Is g(v) composite?
True
Suppose -4*p - p = 3735. Let n be p/2*222/(-9). Is (-4)/(-14) - n/(-21) composite?
False
Suppose -7*y = -11*y - 12. Is y/(-9) - 520/(-6) a prime number?
False
Let j(p) = 10*p**2 + 47*p**2 + 11*p**2 - 5*p + 4. Is j(-3) a prime number?
True
Let y = 200 - 174. Suppose 0 = n + 4*n + 4*t - 46, 0 = 4*n - t - 20. Is (y/(-1))/(n/(-21)) a composite number?
True
Let s be (2*-969)/(-3) + 3. Let x = s + -276. Is x a prime number?
True
Let p(o) = 3*o - 1. Let w be p(2). Suppose -5*i - 3*r = -6078, -i + 2*r = w*r - 1206. Suppose -4